 + 266. Calculate h(6).
-40
Let j(o) = o**3 - 13*o**2 + 10*o + 3. Determine j(12).
-21
Let h(r) = -4*r**3 + 2*r - 2. Give h(2).
-30
Let t(x) = -11*x + 1. Determine t(3).
-32
Let w(c) = c**3 - 7*c**2 + 10*c - 10. What is w(4)?
-18
Let y(p) = -5*p - 4. Give y(-3).
11
Let d(m) = m**2 + 10*m + 10. Give d(-8).
-6
Let q(l) = 64*l**3 - l**2 + 1. What is q(-1)?
-64
Let o(q) = q**3 + 27*q**2 + 24*q - 36. What is o(-26)?
16
Let c(t) = t**2 - 11*t + 23. Determine c(9).
5
Let n(f) = -f**3 + 30*f**2 + 32*f - 35. Calculate n(31).
-4
Let o(w) = -3*w + 6. Determine o(1).
3
Let b(p) = -5*p**2 - 9*p - 5. Calculate b(-5).
-85
Let l(p) = -9*p - 4. Calculate l(2).
-22
Let r(b) = b**2 - 9*b + 2. Determine r(7).
-12
Let r(c) = -c**3 + 13*c**2 - 7*c - 8. What is r(10)?
222
Let v(l) = 2*l**3 + 6*l**2 - l. What is v(-5)?
-95
Let q(g) = -g**3 + g**2 - 7*g + 8. Give q(2).
-10
Let u(v) = -v**3 + 3*v**2 - 8*v + 10. Calculate u(3).
-14
Let p(d) = d**3 + 6*d**2 - 6*d + 4. Determine p(-7).
-3
Let h(u) = -u**3 - 5*u**2 - u + 4. Give h(-4).
-8
Let c(l) = 22*l**2 - 5*l. Calculate c(-1).
27
Let m(i) = -i**3 + 5*i**2 - i - 3. Determine m(4).
9
Let x(s) = -s**3 - 10*s**2 + 13*s + 2. Give x(-11).
-20
Let b(o) = 3*o - 3. What is b(4)?
9
Let y(u) = -u**2 - 10*u - 4. Calculate y(-8).
12
Let l(k) = -k - 20. Calculate l(-14).
-6
Let i(x) = 2*x**2 + 20*x - 7. Calculate i(-11).
15
Let a(f) = f**3 + 26*f**2 + 53*f + 113. Calculate a(-24).
-7
Let t(g) = 13*g - 67. Calculate t(7).
24
Let z(o) = -5*o + 1. What is z(-5)?
26
Let p(i) = -13*i - 43. What is p(-3)?
-4
Let r(x) = -x**3 + 4*x**2 + 2*x - 16. Give r(4).
-8
Let g(h) = -h**2 + 8*h + 20. What is g(14)?
-64
Let i(c) = c**3 + 15*c**2 + 16*c + 18. Give i(-14).
-10
Let f(m) = 3*m**2 - 16*m - 2. Determine f(5).
-7
Let j(d) = 17*d + 148. Calculate j(-8).
12
Let y(g) = -17*g**3 - g**2 + 4*g + 5. Calculate y(-2).
129
Let m(v) = -v + 9. Determine m(13).
-4
Let s(x) = -x + 12. What is s(17)?
-5
Let j(a) = a**3 + 7*a**2 - 13*a - 13. What is j(-8)?
27
Let z(c) = c**3 - 5*c**2 + 6*c - 2. Give z(5).
28
Let d(y) = -y**2 - 2*y + 36. Determine d(5).
1
Let a(y) = -6*y + 4. Calculate a(7).
-38
Let g(h) = -12*h - 19. Give g(-2).
5
Let v(w) = 4*w**2 - 146*w + 62. Determine v(36).
-10
Let b(n) = n**2 - 2*n - 8. What is b(-6)?
40
Let v(t) = -4*t + 19. Calculate v(14).
-37
Let j(c) = 43*c - 11. What is j(3)?
118
Let j(p) = -p**2 - 13*p + 9. Give j(-13).
9
Let v(n) = -4*n - 65. Calculate v(4).
-81
Let p(n) = -2*n**2 - 4*n - 6. Calculate p(-5).
-36
Let a(z) = -4*z**2 + 65*z + 70. Determine a(17).
19
Let f(v) = 16*v**2 + 12. Determine f(-3).
156
Let c(s) = -2*s**2 - 23*s - 17. Determine c(-5).
48
Let q(n) = -n**3 + 14*n**2 + 17*n - 36. Give q(15).
-6
Let m(t) = t**2 - 12*t + 29. Calculate m(11).
18
Let c(j) = 2*j**3 - 22*j**2 - 6*j + 1. Determine c(11).
-65
Let x(b) = b**3 - b + 15. What is x(0)?
15
Let a(d) = -d**3 - 9*d**2 - 10*d + 2. Determine a(-7).
-26
Let b(l) = -l**2 + 12*l - 43. Give b(6).
-7
Let o(d) = -15*d - 41. Determine o(-2).
-11
Let z(p) = -p**2 - 23*p - 137. Calculate z(-15).
-17
Let m(u) = -u**3 - 6*u**2 - 8*u + 6. Determine m(-6).
54
Let v(o) = o**2 - 4*o + 6. What is v(4)?
6
Let t(o) = 7*o**2 + 93*o + 31. Calculate t(-13).
5
Let z(k) = -k**2 - 4*k - 33. What is z(0)?
-33
Let p(c) = -c**2 + 15*c + 188. What is p(23)?
4
Let i(o) = -8*o - 34. Determine i(-7).
22
Let g(y) = -y**3 - 24*y**2 - 21*y + 45. What is g(-23)?
-1
Let s(l) = -l**2 + 12*l - 7. Calculate s(10).
13
Let w(l) = -l**2 + 10*l + 1. Determine w(9).
10
Let s(d) = 15*d. What is s(-1)?
-15
Let c(h) = -h**2 - 9*h - 13. Determine c(-7).
1
Let i(k) = -2*k + 7. Determine i(5).
-3
Let f(k) = -3*k**3 - k**2 + k. Determine f(1).
-3
Let v(t) = t**3 + 11*t**2 + t + 9. Give v(-11).
-2
Let p(d) = -4*d + 74. What is p(17)?
6
Let w(q) = -q**2 + 25*q - 85. Give w(21).
-1
Let k(n) = 2*n + 13. Calculate k(-4).
5
Let v(h) = -h**3 + 16*h**2 - 28*h. Give v(14).
0
Let v(x) = -5*x**3 + 2*x**2 + x - 1. What is v(-1)?
5
Let i(m) = -70*m**2 - 2*m - 1. Determine i(-1).
-69
Let s(p) = -81*p - 409. Calculate s(-5).
-4
Let f(u) = -7*u**3 - u**2 - 8*u - 7. What is f(-2)?
61
Let j(p) = p**3 + 7*p**2 - 12*p + 7. Determine j(-9).
-47
Let i(k) = k**3 + 3*k**2 + 7*k + 17. What is i(-4)?
-27
Let t(w) = 3*w + 42. Give t(-14).
0
Let b(o) = 15*o**3 - o**2 + 2*o + 2. What is b(-1)?
-16
Let p(w) = w**2 - 4*w - 1. Determine p(5).
4
Let o(t) = -t**3 + 5*t**2 - 5*t + 66. Determine o(6).
0
Let a(z) = -3*z + 15. Determine a(7).
-6
Let d(k) = 2*k - 37. Determine d(20).
3
Let h(c) = 100*c - 2. Calculate h(-1).
-102
Let x(o) = 61*o**2 - 248*o + 13. What is x(4)?
-3
Let a(y) = 15*y**3 + y**2 - 1. Determine a(-1).
-15
Let x(c) = -c**3 - 46*c**2 + 562*c + 113. Calculate x(-56).
1
Let m(c) = c**3 + 14*c**2 + 29*c - 48. Calculate m(-11).
-4
Let x(y) = y**3 - 5*y**2 + 6*y - 1. Determine x(4).
7
Let u(s) = s + 4. What is u(-14)?
-10
Let a(m) = 114*m - 1368. Determine a(12).
0
Let x(d) = 41*d + 7. What is x(-4)?
-157
Let i(j) = 49*j**3 + 2*j**2 - j - 2. Give i(-1).
-48
Let l(d) = d**3 - 3*d**2 - 8*d - 3. Give l(5).
7
Let g(d) = -2*d - 68. Determine g(-12).
-44
Let z(a) = -6*a + 1. Determine z(-2).
13
Let n(f) = -f + 21. Determine n(15).
6
Let v(o) = o**2 - 3*o - 11. What is v(5)?
-1
Let a(g) = -g**2 + 13*g + 5. What is a(0)?
5
Let w(u) = -u**3 + 8*u**2 - 4*u + 17. What is w(7)?
38
Let r(k) = -3*k**3 + 4*k**2 - k + 3. Determine r(2).
-7
Let y(l) = -l**2 + 13*l + 5. Calculate y(8).
45
Let z(g) = -g - 22. Calculate z(-7).
-15
Let m(p) = p**2 + 6*p - 11. Give m(-7).
-4
Let m(p) = -p**3 + p**2 + 4*p - 4. Determine m(3).
-10
Let a(g) = 2*g - 12. Determine a(11).
10
Let t(j) = -j**2 - 10*j - 21. Give t(-7).
0
Let r(p) = -25*p**3 + p**2 + p + 1. What is r(-1)?
26
Let x(i) = -25*i + 630. Determine x(25).
5
Let a(o) = o**3 + 5*o**2 - 2*o - 29. What is a(-4)?
-5
Let d(i) = i**3 + i**2 + i - 2. What is d(1)?
1
Let s(n) = -5*n**2. Determine s(1).
-5
Let w(x) = x**3 - x**2 - x - 8. What is w(3)?
7
Let y(j) = 2*j - 3. Determine y(2).
1
Let n(t) = 3*t + 2. Determine n(8).
26
Let j(s) = -s**2 + 5*s - 3. What is j(5)?
-3
Let t(m) = m**2 - 2*m + 5. What is t(5)?
20
Let h(o) = 6*o + 1. What is h(0)?
1
Let c(m) = 2*m**2 + 6*m - 10. Give c(3).
26
Let c(h) = -8*h + 4. Calculate c(1).
-4
Let a(t) = t**3 + 18*t**2 + 24*t - 116. Determine a(-16).
12
Let b(a) = a**3 + 7*a**2 - a - 2. What is b(-7)?
5
Let i(d) = 18*d + 120. Calculate i(-7).
-6
Let n(p) = 5*p**2 - 2*p + 1. Determine n(1).
4
Let m(n) = -n**3 - 18*n**2 + 18*n - 26. Calculate m(-19).
-7
Let p(w) = w - 7. Determine p(1).
-6
Let s(n) = 23*n - 27. Calculate s(5).
88
Let z(r) = -2*r**2 + 7*r + 6. Determine z(6).
-24
Let p(h) = -h**2 - 8*h - 13. Calculate p(-5).
2
Let o(n) = 2*n**2 - 2*n - 5. Calculate o(6).
55
Let j(t) = -t**3 - t**2 + t + 3. Give j(2).
-7
Let z(x) = -x**3 - 4*x**2 + 9*x - 1. What is z(-5)?
-21
Let g(w) = -2*w**2. Calculate g(4).
-32
Let x(r) = -32*r**2 + 98*r - 8. Determine x(3).
-2
Let u(a) = -a**2 - 16*a + 1. Calculate u(-11).
56
Let w(z) = z**3 - 6*z**2 + z + 8. Give w(5).
-12
Let d(t) = -3*t**3 + t**2 - t. Calculate d(1).
-3
Let q(k) = 5*k - 2. Give q(-5).
-27
Let o(a) = -a**3 + 2*a**2 + 24*a - 8. Give o(6).
-8
Let o(d) = d**3 - d**2 - 2*d - 33. Calculate o(0).
-33
Let d(a) = -a + 18. What is d(0)?
18
Let h(b) = -2*b + 10. Give h(7).
-4
Let t(n) = n**2 + 7*n + 8. Calculate t(-5).
-2
Let q(p) = -p**2 - 11*p + 2. Calculate q(-11).
2
Let u(n) = -7*n - 26. Give u(-10).
44
Let m(g) = 55*g + 60. What is m(-1)?
5
Let c(v) = -v**3 + v**2 - v + 3. Calculate c(0).
3
Let c(b) = 2*b**2 - 7*b + 1. Give c(4).
5
Let s(y) = -y**2 - 20*y + 64. What is s(-23)?
-5
Let z(q) = -q**3 - 12*q**2 - 5*q - 4. What is z(-12)?
56
Let g(r) = -r**2 - 4*r + 51. Calculate g(-9).
6
Let n(u) = u**2 - 9*u + 6. Determine n(2).
-8
Let x(w) = 2*w + 77. What is x(-38)?
1
Let l(p) = p**3 - 3*p**2 + 1. Give l(2).
-3
Let k(g) = -3*g**2 + 18*g - 31. Calculate k(2).
-7
Let p(d) = -35*d - 3. Calculate p(-2).
67
Let j(m) = -4*m - 14. Calculate j(-4).
2
Let a(n) = -n**3 + 28*n**2 + 3*n - 84. Determine a(28).
0
Let u(v) = 6*v - 9. Give u(19).
105
Let s(q) = -q + 7. Calculate s(3).
4
Let z(m) = m**3 - 12*m**2 + 7*m + 8. What is z(11)?
-36
Let f(r) = 8*r**2 + 111*r - 11. Calculate f(-14).
3
Let t(f) = f**2 - 11*f - 11. Give t(11).
-11
